Calculate the greatest common divisor of x and u.
8
Let b = 303 - 168. What is the highest common divisor of 15 and b?
15
Let y(o) = o**2 + 2*o. Let g be y(-2). Let u be (-1)/(0 - (-4 - -3)). Let d be (g - 4)*3*u. Calculate the greatest common factor of 96 and d.
12
Let x(k) = k**2 - k + 1. Let q(y) = 19*y**3 - 2*y**2. Let a(o) = q(o) + x(o). Let r be a(1). Calculate the greatest common divisor of 198 and r.
18
Let j = 162 - 84. Calculate the highest common divisor of j and 104.
26
Suppose 17*y = 15*y - f + 88, -2*y = -2*f - 94. Calculate the highest common factor of y and 108.
9
Suppose -3*z = -g - 3*g + 19, 2*g + z = -3. Let t be (-9 - 4)/(g/(-2)). What is the highest common divisor of t and 39?
13
Let h(t) = 8*t + 1. Let p be h(1). Let q(s) = 13*s - 56. Let m be q(5). What is the greatest common factor of p and m?
9
Suppose 0 = 4*u - 2 + 10. Let s be (u/(-6) + 2)/(-1)*-3. Suppose j + 112 = 5*j. Calculate the highest common factor of j and s.
7
Suppose 3*j - 1 = 8, 0 = -n + 4*j - 13. Let u be (-1*1 - 3)*n. Let p = 32233 + -32232. What is the highest common factor of u and p?
1
Let r(n) = -n**3 - 4*n**2 + 18*n + 2. Let l be r(-9). What is the greatest common divisor of 49 and l?
49
Let i be 77859/205 - 2/(-10). What is the greatest common factor of 20 and i?
20
Let g(r) = r**2 - 9*r - 34. Let k be g(12). Suppose 4*h - 58 = k*h. What is the highest common factor of h and 29?
29
Let l(h) = h**3 + 7*h**2 - 18*h - 136. Let i be l(-6). Let a(b) = 65*b - 1. Let t be a(1). Calculate the greatest common factor of t and i.
8
Suppose -3*d + 5066 = 5*u, 2*u + 2*u - 4075 = 5*d. Let r be u/87 - 2/(-6). What is the highest common divisor of 24 and r?
12
Let p = 274 + -246. Let j be (-1884)/(-27) + (-4)/(-18). Calculate the greatest common factor of p and j.
14
Suppose -576 = -38*h - 6. Calculate the highest common factor of h and 135.
15
Suppose -3*n = -6, 8*l + n - 17 = 3*l. Suppose l*m - 2*m = 14. What is the greatest common factor of 42 and m?
14
Let m be (12/(-5))/(26/130). Let b = m + 42. Calculate the highest common factor of b and 45.
15
Suppose 232 = u + 7*u. Let o = -17 + u. What is the highest common factor of o and 8?
4
Let i(b) be the third derivative of 0 + 4/3*b**3 + 1/12*b**4 + 0*b + 2*b**2. Let q be i(0). Calculate the highest common divisor of 88 and q.
8
Let w = -266 + 385. What is the highest common divisor of w and 17?
17
Suppose -f - 2*b - 17 = 0, -5*b - 40 - 34 = 4*f. Let t be 6/1 - 42/f. What is the highest common divisor of t and 16?
8
Let y = 36 - 23. Suppose -4*k - y = -5*k. Let u = 25 + -12. Calculate the highest common factor of u and k.
13
Suppose l + 14 = 6*l - o, 2*l = -4*o + 10. Let s = l - -5. Let x = -6 + s. Calculate the highest common factor of 4 and x.
2
Let l be -3 + 7/2 - 27/(-6). What is the highest common divisor of l and 20?
5
Let i be 5 + -7 + 5 - -74. Calculate the greatest common divisor of 88 and i.
11
Suppose 2*g + 27 + 13 = 0. Let u be (4 - 8/g)/(2/30). What is the highest common factor of u and 11?
11
Let v be (-114)/27 - 2/(-9) - -276. Calculate the greatest common factor of 16 and v.
16
Suppose -42003 = -57*j - 6891. Calculate the greatest common factor of 224 and j.
56
Suppose 0 = 7*l - 5*l + j, 0 = 2*j + 8. Suppose 4*y = -2*o + 42, 3*y - 26 = o - l*o. Let p = 152 + -64. What is the highest common factor of p and o?
11
Suppose 4*y + 14 + 18 = -4*v, 8 = -4*v + 2*y. Let u be 2/v*3*-24. What is the greatest common factor of 108 and u?
36
Let a(c) = c**2 + 3*c. Let h be a(-3). Suppose 3*j + h*f - 3*f - 45 = 0, -3*f = 4*j - 39. Calculate the greatest common factor of j and 84.
12
Let i be ((-214)/3)/(60/(-1080)). What is the greatest common divisor of i and 12?
12
Suppose -4*y = -0*a + 2*a - 46, 2*a = 2*y + 34. Suppose -22*x + 69 = -a*x. Calculate the greatest common divisor of 69 and x.
23
Suppose 6804 = 22*t + 5*t. Calculate the highest common factor of t and 315.
63
Let u be (-2)/6 + 1055/15. Calculate the highest common factor of 10 and u.
10
Let w = -114 + 170. What is the highest common divisor of 252 and w?
28
Let k be 1*1/(2/168). Let f be 59 - (-5 - -4) - 4. Calculate the greatest common factor of f and k.
28
Let r = 1436 - 726. What is the highest common divisor of r and 40?
10
Suppose 741 = 1869*q - 1866*q. What is the highest common divisor of 104 and q?
13
Let r = -1630 - -2311. Calculate the highest common factor of r and 3.
3
Let h be (-61623)/(-205) + 4/10. What is the greatest common divisor of h and 43?
43
Let t be ((-78)/(-5))/((-40)/(-100)). Calculate the greatest common divisor of 221 and t.
13
Suppose 4*r - 457 = 3*o + 1533, r - o = 498. What is the highest common factor of 558 and r?
62
Suppose 9*k = -0*k + 180. Suppose -5*z - k = 0, -2*z + 123 + 244 = 5*q. What is the greatest common divisor of 45 and q?
15
Suppose 0 = 23*m + 38*m - 183. Calculate the greatest common divisor of 93 and m.
3
Let b = -1065 + 1167. Calculate the greatest common factor of b and 1734.
102
Suppose 47*s + 685 - 5808 = 0. What is the greatest common factor of 1 and s?
1
Suppose 3*k - 5*k = -6, -3 = -2*c - 5*k. Let f be 2082/30 + c/15. Let a be (8/4)/2 + f. Calculate the highest common divisor of 14 and a.
14
Let u be (40/12)/(4/6). Suppose 4*x - 56 = -4*t, 20 = u*x - 4*t - 5. Let a(o) = o**2 - 3. Let g be a(3). Calculate the highest common factor of g and x.
3
Let y(l) = -l**2 + 9*l + 6. Let n be 21/7 + (0 - 1). Suppose -9 = -n*j + 7. Let o be y(j). Calculate the highest common divisor of o and 14.
14
Let y(z) = 56*z**2 + 3*z + 3. Let n be y(-1). What is the greatest common factor of n and 98?
14
Let h = 507 - 449. What is the greatest common factor of 1682 and h?
58
Let m(t) = -32*t - 48. Let p be m(-11). What is the highest common divisor of 57 and p?
19
Let s(l) = l**2 + l - 1. Let m be s(7). Calculate the highest common factor of 220 and m.
55
Suppose -w - 2*w = -5*f + 15, 3*f + 4*w - 38 = 0. Suppose 4*k + 12 = 2*d, 9 = 3*d + k + 2*k. What is the greatest common factor of f and d?
2
Let l(a) = -a**2 + 3*a + 105. Let d be l(0). What is the highest common divisor of d and 70?
35
Let k(w) = 9*w - 3. Let f be k(2). Let c be (200/f)/(-4)*-9. Suppose -c = -3*s - 24. What is the highest common factor of s and 1?
1
Let m = 151 + 857. Calculate the highest common divisor of m and 189.
63
Let w = 2324 + -1344. What is the greatest common divisor of 4 and w?
4
Let u(w) = -3*w + 84. Let x be u(24). What is the greatest common divisor of x and 56?
4
Suppose 0*y - 5*b + 50 = 5*y, -5*y + 5*b + 100 = 0. What is the greatest common factor of 105 and y?
15
Suppose 430 = 4*x - 5*k, 3*k - k = 2*x - 214. Suppose -p + 40 = -4*t, -4*p + 3*t + x = -2*t. What is the highest common divisor of 2 and p?
2
Suppose 14*w - 8072 = -1884. Calculate the greatest common factor of 26 and w.
26
Suppose -1496*v - 234 = -1505*v. Calculate the greatest common divisor of v and 16.
2
Let z = -3 + 9. Suppose z*y - 3*y = -q + 23, 2*q = 5*y - 9. Calculate the greatest common factor of q and 8.
8
Let n = -1324 + 2715. Calculate the greatest common factor of 13 and n.
13
Let h(s) = -32*s - 16. Let d be (-3)/(-2) - (-117)/(-26). Let p be h(d). Calculate the highest common factor of 32 and p.
16
Let u(h) = -1 + 2 - 1 + 3 + 2*h. Let s be u(0). Suppose 0 = -3*k - 2*m + 79, s*m + 8 = -0*k + k. Calculate the highest common divisor of 115 and k.
23
Let f = -46 + 65. Suppose 58*i + 4*q = 59*i - 243, 5*i - 3*q = 1232. Calculate the greatest common factor of i and f.
19
Let v(l) = -l**3 + l**2 - l + 12. Let t be v(0). Let b(r) = 3*r - 16. Let h be b(6). Let w = t + h. Calculate the highest common divisor of 112 and w.
14
Let z(t) = -2*t**3 + 5*t**2 + 3*t - 10. Let v be z(-3). Suppose 5*c - 161 - 79 = 0. What is the highest common factor of c and v?
16
Let d be 1*(1 + 5)*2. Let x(a) = 2 + 17*a - 9*a - d*a. Let r be x(-6). What is the highest common divisor of r and 78?
26
Let d be (14/5)/(1/5). Let p = d - 9. Let q(i) = -67*i - 501. Let g be q(-8). What is the greatest common factor of p and g?
5
Let j = -802 - -1127. Calculate the greatest common factor of 5 and j.
5
Let t = -673 + 704. What is the greatest common factor of t and 961?
31
Let q = 11 + -3. Let l(x) = x**3 - 9*x**2 + 10*x. Let t be l(q). Let i be 7/1 + t/4. What is the highest common factor of 3